se u + 114 = t, -v*u - 3 = -5. Suppose -l - l = -s + t, -3*l - 115 = -s. Is s composite?
True
Let c = -50 + 70. Is 1272/10 - 4/c a prime number?
True
Suppose -3*u = 2*k + 5, -k - 9 = u - 5. Let g(a) = a**3 + 7*a**2. Let h be g(k). Suppose h*t - 3*t = -609. Is t a prime number?
False
Let m = -5 - -11. Suppose -5*u + m*u - 2 = 0. Let v = 15 - u. Is v prime?
True
Is (-3)/(3/2*(-86)/2454311) composite?
False
Let b(o) = -2*o**2 - 6 + 4*o**2 - 4*o**3 - 6*o**2 - 5*o. Is b(-5) prime?
True
Let z be (2/(-3))/((-12)/6246). Let x = z - 114. Is x prime?
True
Let b(k) = 10*k**2 + k - 3. Let i be b(3). Suppose -11*c + 16*c = i. Suppose -70 = -2*m - c. Is m composite?
True
Suppose 5*t - 21850 = k, -49*t + 50*t = -5*k + 4344. Is t prime?
False
Let z = -475 - -1148. Is z a prime number?
True
Let p(v) = -119*v - 24. Let l = 24 + -31. Is p(l) a prime number?
True
Suppose 4*l - 2*p - 12 = 0, 4*l + 3 = 4*p + 7. Suppose 0*n - 3016 = -2*h - 2*n, -7530 = -l*h + 5*n. Is h a prime number?
False
Suppose 4*s + 3*k - 979 = 0, -3*s - s + 5*k + 1003 = 0. Suppose 2*r - r = 25. Suppose -5*d + r = 0, q - 778 + s = -2*d. Is q prime?
True
Let v(m) = 3637*m**2 - 20*m + 2. Is v(-1) composite?
False
Suppose 3*h = 2*u + 7618 + 4909, -h + 4169 = -4*u. Is h a prime number?
True
Suppose -4*l = -21 + 5. Suppose 193885 = -l*f + 21*f. Is f a prime number?
False
Let s(m) be the third derivative of 83*m**5/12 + m**4/24 - m**3/6 - m**2. Is s(1) prime?
False
Suppose -8*m = -15*m + 18970. Let n = m - 1373. Is n a composite number?
True
Suppose -264 - 116 = -4*v. Suppose 647 = 4*w + v. Let j = -83 + w. Is j a composite number?
True
Suppose 0 = -3*w - 271 - 911. Let a be (-316)/6*(-189)/18. Let c = w + a. Is c a prime number?
False
Let l(n) = -n**3 + 14*n**2 - 12*n + 15. Let d(c) = 2*c**2 + 5*c - 2. Let q be d(-4). Is l(q) prime?
False
Is (-20)/170 - (-855342)/34 a prime number?
False
Let u(y) = 767*y**2 + 30*y - 232. Is u(9) a prime number?
False
Suppose 0 = 2*b - 4, -3*v - 7*b = -2*b - 52. Suppose -11 - v = -5*k, 5*g + 4*k = 55. Suppose 3*j = g*j - 1004. Is j a composite number?
False
Let n = -41259 - -77800. Is n a composite number?
False
Suppose -4*o + 3*m + 12 = 0, -4*m = -3*o + 4*o - 3. Suppose o*i + 31 + 0 = 4*p, 5*p = -4*i + 62. Is 1017/5 + (-4)/p a prime number?
False
Let l(g) = 16*g**2 + 5*g - 34. Let v be 12*(-2)/(-4)*(-20)/(-8). Is l(v) prime?
False
Suppose -q - 23 = 5*n, q - n = -5*n - 18. Let w = 334 + -228. Suppose -488 = -q*h - w. Is h prime?
True
Suppose -2*v + 6*v = w + 60, 4 = w. Suppose 19*u - 8002 = v. Is u prime?
False
Is (22/6 - (5 - 1))*-29739 a composite number?
True
Let v = 80037 - 35996. Is v a composite number?
False
Let t = 2476 + 1471. Is 2/(-15) - t/(-15) prime?
True
Is (-28)/4 + 749*9 + 3 prime?
True
Let p be (-2 - -336) + 2*1. Suppose 0 = -4*t + 2*z - 454, 3*t + 338 = -4*z + 3*z. Let q = t + p. Is q a prime number?
True
Let q = 146 + -61. Suppose -3*g + g = -5*s + q, 2*s - g = 33. Suppose 15*k - s*k = -1276. Is k a composite number?
True
Let b = -1031 + 4714. Is b a composite number?
True
Suppose -g = -5 - 0. Suppose 4*x - 5*t - 1681 = 0, 3*x - 905 - 347 = -g*t. Is x a prime number?
True
Let o(k) = 2596*k + 31. Is o(1) a composite number?
True
Suppose 0 = 10*w + 259753 - 672323. Is w prime?
True
Let h(s) = s**3 - s**2 - s + 105. Let n be h(0). Let w(x) = -5*x**2 + 6*x**2 - 5 + 28*x**3 + 4 - n*x**3. Is w(-1) prime?
False
Let u be 32/(-20)*68030/(-4). Is 6/4*4*u/24 a prime number?
True
Let q be 305 + (-2 + 3 - 0). Let a = 1745 + q. Is a composite?
True
Let n = -108 - -112. Suppose t - n*u = -u + 1015, -u = -t + 1017. Is t composite?
True
Suppose -5*t + 2*a + 30 = 4*a, 4*t - 6 = 2*a. Suppose 5*f + w - 695 = -2*w, -730 = -5*f + t*w. Suppose 3*o - f - 239 = 0. Is o prime?
True
Suppose -3*l - 2 = t, -4*t + 19 + 1 = -2*l. Let y be 0/(t/((-2)/(-1))). Suppose 0*u - 5*u + 30 = y. Is u prime?
False
Suppose 5*x - 15051 = 4*b, -5*x + 8623 = -2*b - 6420. Is x composite?
True
Suppose 0 = -2*g - 2*z + 47726, -z + 140152 = 5*g + 20821. Is g a prime number?
False
Let i = 10344 - 3997. Is i a composite number?
True
Let p(j) be the first derivative of -2*j**2 + 6*j**2 + 12 + 0*j**2 - 10*j. Is p(12) prime?
False
Suppose -2*m - 8 = -r - 5*m, 4*m - 12 = 0. Let u be (-1)/(2/950)*r. Let i = u + -288. Is i composite?
True
Let o = 576 - 61. Is o a composite number?
True
Suppose 0 = -2*p - 10 + 16. Suppose 5*j - 541 = 5*q + 514, -4*j + 844 = -p*q. Is j prime?
True
Let v(a) = -a**2 + 8*a + 5. Let j be v(8). Let k = j - -16. Suppose w - 4*b = k, -13 - 119 = -4*w + 4*b. Is w composite?
False
Suppose 2*c + 0*c - o - 6 = 0, 3*o - 12 = 0. Suppose h - 149 = -2*z, h - 5*z = c*h - 596. Is h a composite number?
False
Suppose 0*o + 2*o = -4*g + 12, 5*o - 10 = 0. Suppose -g*k - 123 = 9. Let j = 101 + k. Is j a composite number?
True
Suppose -8 = k + y, -5*k + 5*y - 36 = -6. Let q(d) = -2*d**3 + 11*d**2 + 9*d + 9. Is q(k) a prime number?
True
Suppose -n + 111 = -243. Let b = n + -215. Is b a prime number?
True
Suppose 3*v = -c + 69431, 84369 - 14932 = 3*v + 4*c. Is v prime?
True
Let z(n) = -4*n + 40. Let v be z(9). Is (4 + 5112/16)*v/2 composite?
False
Let j(r) = -931*r + 37. Is j(-4) prime?
True
Let p be (-13)/(-3)*1*3. Suppose 5*j + 43 - 178 = 0. Let h = j - p. Is h a prime number?
False
Suppose 5*n - 4*n - 1151 = 0. Is n a composite number?
False
Let c(m) = -m**2 - 10*m - 10. Let r be c(-9). Let o be r + (3 + -202)*-1. Suppose 76 = i - o. Is i a composite number?
True
Is ((2722/1)/2)/(-46 - -47) prime?
True
Suppose c = q + 4, 0 = -4*q - 4 - 0. Let a be (15/9 + -3)*c. Is ((-67)/2)/(a/8) composite?
False
Suppose 0 = g + 3*n - 17, 0*g + 3*n = g + 7. Suppose 0 = i - g*i + 20. Suppose i*v = -4*p + 533, -5*p + 650 = -v + 4*v. Is p prime?
True
Let n = 378 - 1997. Let h be (-12053)/(-4) - 5/4. Let d = n + h. Is d a composite number?
True
Is (-620018)/(-21) + 3 - 4/6 a prime number?
True
Let b(x) = 1443*x - 4. Let p be b(1). Suppose p = -11*h + 6345. Is h prime?
False
Let r = -73 - -45. Let z be r/36 - (-4)/(-18). Is 126/((-2)/(-1)) + z a prime number?
False
Let a be 3/1*(-4)/12. Let s be a + (-7)/(7/6). Is (-82)/s*(-14)/(-2) composite?
True
Let a = -33361 + 57932. Is a a composite number?
False
Let a = 23886 - 13409. Is a prime?
True
Let o(k) = k**3 + 19*k**2 + 5*k - 11. Suppose 4*r = -0*r + 208. Suppose -2*b - r + 24 = 0. Is o(b) a prime number?
False
Let f = -31 - -31. Suppose f = h + 3*k - 874, -4*k - 318 = -h + 528. Is h a prime number?
False
Suppose 30147 = 5*v + 3232. Is v a composite number?
True
Let h(u) = -2*u**3 + 31*u**2 + 42*u + 128. Is h(-21) composite?
True
Let p = 37 + -37. Suppose p = -2*i - 2*i + 776. Is i composite?
True
Suppose 0 = 173*z - 165*z - 246904. Is z composite?
True
Let f = -21 + 41. Let q = f + -16. Suppose -d + q*t - 289 = -2*d, 4*d - 4*t - 1216 = 0. Is d a composite number?
True
Let t(d) be the second derivative of d**4/4 - 2*d**3/3 + 17*d**2/2 - 6*d. Let x be t(14). Suppose -4*q = -4*k + 504, -4*k + 0*q + x = 5*q. Is k composite?
False
Suppose 4*u - 18979 = 5*x, -3*x - 15667 = -3*u - 1429. Is u a prime number?
True
Let w(g) = 230*g - 48. Let q be w(12). Suppose -4*p + q = b, p - 689 = -0*p - 3*b. Is p composite?
False
Let w(h) = 28*h**2 + 4*h - 7. Let d = 15 + -12. Is w(d) a prime number?
True
Let o(m) be the second derivative of -m**5/10 - m**4/4 + 3*m**2/2 + m + 109. Let r(q) = 5*q**3 + 2*q**2 + 2*q + 1. Let x be r(-1). Is o(x) a prime number?
True
Let h = -52 - -77. Let i = h - 35. Let j(v) = -v + 21. Is j(i) a prime number?
True
Let i(n) = n**3 - 3*n**2 + 2. Let t be i(2). Let f be (2 + 7/t)*-8. Suppose 0 = -3*c + f, -c + 577 = 5*s + 2*c. Is s prime?
True
Is 8017/((-1)/(-1)) + (-438)/(-73) a composite number?
True
Let c = 31 - -93. Let u be -34 - (4/(-2))/(-2). Let l = c + u. Is l composite?
False
Suppose 6951 = d + 4*l, 6*d + 3*l = 3*d + 20844. Is d prime?
True
Let c(y) = 8*y + 18 - 5*y + 3*y**3 + 13*y**2 + 8*y. Let m(g) = -4*g**3 - 13*g**2 - 10*g - 19. Let k(h) = 3*c(h) + 2*m(h). Is k(-11) a prime number?
False
Suppose 44410 = -309*t + 311*t. Is t a prime number?
False
Suppose -10*m = 5*j - 6*m - 12391, j - 5*m = 2484. Is j a prime number?
False
Let b = 726 + -349. Is b composite?
True
Let g = -44 + 49. Suppose -4*z + 2 = 3*f + 8, -2*f - 2*z - 4 = 0. Is ((-293)/g)/(